1064?
76
What is the highest common factor of 12 and 53412?
12
Calculate the greatest common factor of 96 and 528.
48
Calculate the highest common factor of 28 and 1316.
28
What is the highest common divisor of 12 and 192?
12
Calculate the highest common divisor of 142 and 355.
71
Calculate the highest common divisor of 145 and 2378.
29
Calculate the greatest common factor of 25 and 55.
5
Calculate the greatest common divisor of 234 and 198.
18
What is the highest common factor of 2100 and 12?
12
Calculate the highest common factor of 8 and 72.
8
What is the highest common divisor of 2 and 134?
2
What is the greatest common divisor of 3636 and 45?
9
What is the greatest common factor of 56 and 24?
8
What is the greatest common divisor of 88 and 20416?
88
What is the greatest common divisor of 253 and 42251?
253
What is the highest common divisor of 61 and 12139?
61
What is the highest common factor of 432 and 288?
144
Calculate the highest common factor of 923 and 142.
71
Calculate the highest common divisor of 216 and 1170.
18
What is the greatest common divisor of 33 and 4851?
33
Calculate the greatest common divisor of 9028 and 366.
122
What is the greatest common factor of 48 and 392?
8
Calculate the greatest common divisor of 441 and 6566.
49
What is the highest common factor of 7 and 1904?
7
What is the greatest common factor of 76 and 9595?
19
What is the highest common factor of 420 and 2870?
70
What is the greatest common divisor of 47 and 7567?
47
Calculate the greatest common divisor of 24164 and 42.
14
Calculate the highest common factor of 515 and 721.
103
What is the highest common factor of 22 and 19954?
22
What is the greatest common divisor of 4853 and 1055?
211
What is the highest common divisor of 19 and 323?
19
Calculate the greatest common divisor of 240 and 816.
48
What is the greatest common factor of 1029 and 15?
3
Calculate the highest common factor of 464 and 112.
16
What is the greatest common factor of 157 and 2512?
157
Calculate the highest common factor of 21888 and 513.
171
Calculate the greatest common factor of 269 and 18.
1
What is the highest common factor of 65 and 10?
5
What is the highest common divisor of 6094 and 22?
22
Calculate the highest common divisor of 98 and 2.
2
Calculate the highest common factor of 144 and 1576.
8
What is the highest common divisor of 33 and 1529?
11
What is the highest common divisor of 340 and 100?
20
What is the greatest common factor of 17602 and 13?
13
What is the greatest common divisor of 175 and 70?
35
What is the greatest common factor of 999 and 324?
27
Calculate the highest common factor of 19 and 1.
1
What is the greatest common factor of 175 and 75?
25
Calculate the highest common divisor of 1785 and 68.
17
Calculate the greatest common divisor of 21 and 12579.
21
Calculate the greatest common factor of 56 and 424.
8
Calculate the greatest common factor of 143 and 26.
13
Calculate the greatest common divisor of 7030 and 152.
38
Calculate the highest common divisor of 177 and 295.
59
What is the highest common divisor of 672 and 22624?
224
Calculate the greatest common factor of 2000 and 2125.
125
Calculate the greatest common divisor of 6 and 21.
3
Calculate the greatest common factor of 567 and 21.
21
Calculate the highest common factor of 363 and 1177.
11
Calculate the greatest common divisor of 16 and 10256.
16
Calculate the greatest common factor of 15 and 59.
1
Calculate the highest common divisor of 1647 and 27.
27
What is the greatest common factor of 3 and 137?
1
Calculate the highest common divisor of 584 and 73.
73
Calculate the highest common factor of 266 and 57.
19
What is the greatest common factor of 216 and 7884?
108
Calculate the greatest common factor of 209 and 988.
19
What is the highest common divisor of 715 and 260?
65
What is the highest common divisor of 2075 and 2905?
415
What is the greatest common divisor of 1457 and 47?
47
What is the greatest common factor of 352 and 66?
22
What is the highest common divisor of 13280 and 160?
160
What is the greatest common factor of 168 and 15456?
168
Calculate the highest common divisor of 130 and 325.
65
Calculate the greatest common divisor of 147 and 42.
21
Calculate the highest common divisor of 76 and 38.
38
What is the greatest common factor of 23 and 19849?
23
Calculate the highest common factor of 105 and 21.
21
Calculate the greatest common divisor of 4335 and 15.
15
Calculate the highest common divisor of 128 and 480.
32
Calculate the greatest common factor of 627 and 9633.
57
Calculate the highest common factor of 150 and 10.
10
Calculate the highest common divisor of 1794 and 546.
78
Calculate the highest common divisor of 57 and 933.
3
What is the highest common factor of 407 and 22?
11
Calculate the greatest common divisor of 7 and 4627.
7
What is the greatest common factor of 133 and 2052?
19
What is the greatest common divisor of 19 and 57?
19
What is the greatest common factor of 1457 and 93?
31
Calculate the highest common factor of 23389 and 19.
19
Calculate the highest common factor of 333 and 72.
9
What is the highest common factor of 39596 and 152?
76
Calculate the greatest common factor of 324 and 225.
9
What is the highest common divisor of 215 and 1376?
43
Calculate the greatest common divisor of 104 and 80.
8
What is the highest common divisor of 63 and 56?
7
What is the greatest common divisor of 154 and 176?
22
What is the greatest common factor of 55 and 1122?
11
What is the greatest common factor of 252 and 1988?
28
What is the highest common divisor of 400 and 280?
40
Calculate the highest common factor of 4110 and 870.
30
Calculate the highest common factor of 5 and 515.
5
Calculate the highest common divisor of 203 and 21.
7
Calculate the greatest common factor of 2907 and 2091.
51
What is the greatest common divisor of 882 and 126?
126
Calculate the greatest common factor of 9468 and 24.
12
What is the greatest common divisor of 45 and 378?
9
What is the highest common factor of 7080 and 30?
30
What is the highest common divisor of 112 and 70?
14
Calculate the highest common divisor of 368 and 25576.
184
What is the greatest common divisor of 91 and 3107?
13
What is the greatest common divisor of 90 and 50?
10
Calculate the highest common factor of 120 and 798.
6
What is the greatest common divisor of 100 and 320?
20
Calculate the highest common factor of 12 and 3.
3
Calculate the greatest common divisor of 406 and 14.
14
Calculate the greatest common divisor of 981 and 81.
9
Calculate the greatest common divisor of 52 and 2054.
26
Calculate the greatest common factor of 80 and 2580.
20
What is the highest common factor of 45 and 13500?
45
What is the greatest common divisor of 16 and 244?
4
What is the greatest common divisor of 143 and 22?
11
Calculate the highest common divisor of 105 and 30.
15
What is the highest common factor of 81 and 3?
3
Calculate the highest common factor of 15 and 37860.
15
Calculate the highest common divisor of 176 and 2512.
16
What is the highest common factor of 96 and 3616?
32
Calculate the greatest common factor of 3864 and 1848.
168
What is the highest common factor of 18 and 372?
6
What is the greatest common divisor of 602 and 258?
86
Calculate the highest common divisor of 450 and 50.
50
Calculate the greatest common factor of 729 and 9.
9
What is the greatest common divisor of 23 and 46?
23
Calculate the greatest common factor of 258 and 11481.
129
Calculate the highest common factor of 851 and 74.
37
Calculate the greatest common factor of 11 and 319.
11
What is the greatest common factor of 191 and 2?
1
What is the greatest common divisor of 28 and 2198?
14
Calculate the highest common factor of 34 and 15844.
34
What is the greatest common divisor of 16 and 104?
8
Calculate the greatest common factor of 36 and 306.
18
What is the greatest common divisor of 432 and 15?
3
Calculate the highest common divisor of 94 and 799.
47
What is the highest common factor of 279 and 217?
31
What is the greatest common divisor of 99 and 36?
9
Calculate the highest common factor of 360 and 3.
3
Calculate the highest common divisor of 2009 and 63.
7
Calculate the greatest common factor of 27 and 2547.
9
Calculate the greatest common diviso